mainder when 57 is divided by 10.
7
What is the remainder when 388 is divided by 65?
63
What is the remainder when 146 is divided by 19?
13
Calculate the remainder when 278 is divided by 88.
14
Calculate the remainder when 567 is divided by 6.
3
Calculate the remainder when 1888 is divided by 135.
133
Calculate the remainder when 191 is divided by 46.
7
Calculate the remainder when 810 is divided by 210.
180
Calculate the remainder when 2639 is divided by 15.
14
Calculate the remainder when 8 is divided by 7.
1
Calculate the remainder when 97 is divided by 37.
23
What is the remainder when 18 is divided by 3?
0
Calculate the remainder when 136 is divided by 64.
8
Calculate the remainder when 131 is divided by 36.
23
What is the remainder when 173 is divided by 8?
5
What is the remainder when 769 is divided by 129?
124
What is the remainder when 338 is divided by 46?
16
Calculate the remainder when 2826 is divided by 7.
5
What is the remainder when 208 is divided by 50?
8
What is the remainder when 4629 is divided by 122?
115
What is the remainder when 9444 is divided by 278?
270
What is the remainder when 370 is divided by 34?
30
Calculate the remainder when 956 is divided by 345.
266
What is the remainder when 1390 is divided by 58?
56
What is the remainder when 1340 is divided by 22?
20
Calculate the remainder when 255 is divided by 251.
4
What is the remainder when 82 is divided by 12?
10
Calculate the remainder when 23873 is divided by 15.
8
Calculate the remainder when 78 is divided by 20.
18
What is the remainder when 1460 is divided by 245?
235
What is the remainder when 1153 is divided by 109?
63
What is the remainder when 97 is divided by 8?
1
Calculate the remainder when 5901 is divided by 82.
79
What is the remainder when 525 is divided by 106?
101
What is the remainder when 1333 is divided by 652?
29
What is the remainder when 203 is divided by 13?
8
Calculate the remainder when 232 is divided by 80.
72
Calculate the remainder when 248 is divided by 25.
23
What is the remainder when 1270 is divided by 24?
22
What is the remainder when 1546 is divided by 9?
7
Calculate the remainder when 196 is divided by 20.
16
What is the remainder when 178 is divided by 110?
68
Calculate the remainder when 286 is divided by 20.
6
Calculate the remainder when 76 is divided by 29.
18
What is the remainder when 19887 is divided by 16?
15
What is the remainder when 183 is divided by 43?
11
What is the remainder when 131 is divided by 31?
7
What is the remainder when 1162 is divided by 1161?
1
What is the remainder when 1285 is divided by 638?
9
Calculate the remainder when 839 is divided by 74.
25
What is the remainder when 87 is divided by 46?
41
Calculate the remainder when 249 is divided by 50.
49
Calculate the remainder when 304 is divided by 27.
7
What is the remainder when 179 is divided by 52?
23
What is the remainder when 177 is divided by 9?
6
Calculate the remainder when 669 is divided by 113.
104
What is the remainder when 95 is divided by 3?
2
What is the remainder when 208 is divided by 19?
18
Calculate the remainder when 64 is divided by 33.
31
Calculate the remainder when 25 is divided by 4.
1
What is the remainder when 10653 is divided by 48?
45
What is the remainder when 293 is divided by 95?
8
What is the remainder when 77 is divided by 8?
5
Calculate the remainder when 25 is divided by 7.
4
Calculate the remainder when 411 is divided by 28.
19
Calculate the remainder when 3652 is divided by 87.
85
Calculate the remainder when 1345 is divided by 330.
25
What is the remainder when 69 is divided by 9?
6
What is the remainder when 3299 is divided by 1089?
32
What is the remainder when 106 is divided by 54?
52
Calculate the remainder when 910 is divided by 76.
74
What is the remainder when 163 is divided by 83?
80
What is the remainder when 157 is divided by 150?
7
Calculate the remainder when 696 is divided by 55.
36
What is the remainder when 735 is divided by 361?
13
Calculate the remainder when 337 is divided by 113.
111
Calculate the remainder when 1098 is divided by 34.
10
What is the remainder when 417 is divided by 134?
15
What is the remainder when 8924 is divided by 85?
84
What is the remainder when 116 is divided by 48?
20
What is the remainder when 102 is divided by 78?
24
Calculate the remainder when 336 is divided by 53.
18
What is the remainder when 1428 is divided by 205?
198
What is the remainder when 1124 is divided by 75?
74
Calculate the remainder when 584 is divided by 13.
12
Calculate the remainder when 444 is divided by 223.
221
Calculate the remainder when 206 is divided by 19.
16
Calculate the remainder when 829 is divided by 167.
161
What is the remainder when 2560 is divided by 172?
152
What is the remainder when 540 is divided by 17?
13
Calculate the remainder when 263 is divided by 247.
16
What is the remainder when 2370 is divided by 34?
24
What is the remainder when 161 is divided by 35?
21
What is the remainder when 595 is divided by 299?
296
What is the remainder when 1141 is divided by 3?
1
What is the remainder when 117 is divided by 41?
35
Calculate the remainder when 1718 is divided by 172.
170
What is the remainder when 58 is divided by 13?
6
What is the remainder when 403 is divided by 85?
63
What is the remainder when 111 is divided by 72?
39
What is the remainder when 3649 is divided by 1213?
10
What is the remainder when 106 is divided by 34?
4
Calculate the remainder when 858 is divided by 21.
18
Calculate the remainder when 119 is divided by 40.
39
What is the remainder when 283 is divided by 133?
17
What is the remainder when 480 is divided by 432?
48
What is the remainder when 826 is divided by 94?
74
What is the remainder when 4518 is divided by 20?
18
Calculate the remainder when 7053 is divided by 17.
15
What is the remainder when 57 is divided by 20?
17
What is the remainder when 210 is divided by 61?
27
What is the remainder when 64 is divided by 19?
7
What is the remainder when 173 is divided by 69?
35
Calculate the remainder when 60093 is divided by 313.
310
What is the remainder when 618 is divided by 42?
30
What is the remainder when 5012 is divided by 2503?
6
What is the remainder when 230 is divided by 94?
42
Calculate the remainder when 1107 is divided by 139.
134
Calculate the remainder when 383 is divided by 25.
8
What is the remainder when 538 is divided by 12?
10
Calculate the remainder when 111 is divided by 19.
16
What is the remainder when 7759 is divided by 16?
15
What is the remainder when 58 is divided by 32?
26
Calculate the remainder when 1370 is divided by 136.
10
Calculate the remainder when 135 is divided by 71.
64
Calculate the remainder when 143 is divided by 78.
65
Calculate the remainder when 523 is divided by 31.
27
What is the remainder when 3287 is divided by 23?
21
Calculate the remainder when 2935 is divided by 10.
5
Calculate the remainder when 919 is divided by 281.
76
What is the remainder when 1843 is divided by 497?
352
What is the remainder when 1320 is divided by 191?
174
What is the remainder when 64 is divided by 38?
26
Calculate the remainder when 73 is divided by 11.
7
Calculate the remainder when 276 is divided by 40.
36
Calculate the remainder when 947 is divided by 120.
107
Calculate the remainder when 363 is divided by 29.
15
What is the remainder when 193 is divided by 68?
57
Calculate the remainder when 1534 is divided by 24.
22
Calculate the remainder when 19076 is divided by 26.
18
What is the remainder when 3589 is divided by 894?
13
What is the remainder when 47 is divided by 17?
13
What is the remainder when 246 is divided by 63?
57
Calculate the remainder when 189 is divided by 49.
42
What is the remainder when 465 is divided by 223?
19
What is the remainder when 124 is divided by 18?
16
What is the remainder when 780 is divided by 193?
8
What is the remainder when 262 is divided by 91?
80
Calculate the remainder when 832 is divided by 22.
18
What is the remainder when 145 is divided by 58?
29
Calculate the remainder when 595 is divided by 100.
95
Calculate the remainder when 134 is divided by 2.
0
Calculate the remainder when 145 is divided by 41.
22
Calculate the remainder when 177 is divided by 15.
12
What is the remainder wh